w). Let n be (-87)/(-6) - q/2. What is the highest common factor of 3 and n?
3
Suppose -5*m - 8 + 28 = 0. Suppose m*q = q. Suppose b - 44 = 4*p, p + 6 - 5 = q. What is the greatest common factor of 10 and b?
10
Let b(r) = 2 - 3*r + 2*r - 4*r. Let v be b(-5). Calculate the greatest common factor of 9 and v.
9
Let d(k) = k**2 + k - 4. Let c = 4 - 4. Let s be d(c). Let q be (-1 - 1 - 1)*s. What is the greatest common divisor of 30 and q?
6
Let b = 4 + -6. Suppose w = 3*a - 5*a, 4*a = 0. Let l be (b + w)*(0 + -1). What is the highest common factor of l and 8?
2
Suppose 21*m - 324 = 15*m. What is the greatest common factor of 18 and m?
18
Suppose -3*h = -2*p - 114, -h + 129 = 2*h + 3*p. What is the highest common factor of 20 and h?
20
Let q = -6 + 22. Let y(w) = 4*w**2 + 11*w + 3. Let g be y(-5). Calculate the greatest common divisor of g and q.
16
Let w be 7*4*18/21. Suppose -d - 7 = 2*n - 3, -2*n = -4*d + w. Suppose 2*s - t + 0*t = 5, d*t + 4 = 0. Calculate the highest common divisor of 18 and s.
2
Suppose -37 = -4*j - 5. What is the greatest common divisor of 120 and j?
8
Let r(m) = m**2 + 2*m. Let k be r(-3). Suppose k*f = -3*w + 45, -2*w + 34 = -0*w - 2*f. Calculate the highest common divisor of 144 and w.
16
Suppose -2*p = -5*p + 12. Calculate the highest common factor of 6 and p.
2
Let v be (3 - 2 - 4)*-3. Let m be -48*(-2)/8*v. Let j(o) = 2*o**2 - 3*o - 2. Let y be j(-2). What is the highest common factor of m and y?
12
Let k = 66 + -40. Suppose 5*f - 29 = -s, -s + 0*s - 4*f = -k. Calculate the highest common divisor of s and 112.
14
Let m(d) = d**2 + 6*d - 1. Let o be m(-6). Let l be (7 + o)/1 - 2. What is the highest common divisor of 6 and l?
2
Let x be (2 + 0)/(2/82). Let n = -34 + x. What is the highest common divisor of n and 6?
6
Let c be 12*(-12)/32*-4. Let z = 7 - 5. Calculate the highest common factor of z and c.
2
Let w = 29 + 41. What is the greatest common divisor of 10 and w?
10
Let a = 135 - 65. What is the greatest common factor of a and 10?
10
Let o(v) = v**3 + v**2 + 33. Let z be o(0). Calculate the highest common divisor of 11 and z.
11
Let c be (-4)/((-124)/(-32) + -4). What is the highest common factor of c and 48?
16
Let o be ((-2 - -1)/(-2))/(26/572). Calculate the greatest common divisor of o and 22.
11
Let h be (-8)/(-16)*(1 + -1). Let u be (h + 2)*-1*-6. Let b = -15 - -45. Calculate the highest common divisor of u and b.
6
Let i be (-53)/(-4) + 1/(-4). Suppose -5*d + 71 = 2*l, 4*d - 24 - 40 = 2*l. Let r = i + d. Calculate the greatest common divisor of 4 and r.
4
Let v = 5 + -3. What is the greatest common divisor of v and 6?
2
Suppose 3*o = -194 + 677. Calculate the greatest common divisor of 23 and o.
23
Suppose 59 - 4 = -5*c. Let h(n) = -n**2 - 18*n + 11. Let x be h(c). Let y be 4/18 - x/(-9). What is the highest common factor of y and 10?
10
Let f = 156 - 152. What is the highest common divisor of f and 7?
1
Let t = -292 - -409. Let z = 12 + -79. Let o = t + z. What is the highest common factor of o and 10?
10
Let r = 2 + 0. Let q be (r + 4)/(-2) - -28. Let u be (-2)/8 - 21/(-4). Calculate the greatest common divisor of q and u.
5
Suppose -8*o + 5*o - 9 = 2*r, -15 = 3*o. What is the greatest common divisor of r and 3?
3
Let u(s) = s**3 - 6*s**2 + 8*s - 4. Let t be u(5). Suppose 26 = 2*p - 84. Calculate the highest common factor of t and p.
11
Suppose 6 = 3*d - 0*d. Suppose -d*h + 11 = -37. What is the greatest common factor of h and 12?
12
Let n = -108 - -165. What is the highest common factor of 95 and n?
19
Let b be (-7 - -15) + -4 + 0. Suppose -4*i + 0*i = b*u - 16, -5*u = -5. Calculate the greatest common factor of i and 27.
3
Let j(q) = q + 13. Let w be j(-11). Suppose -1 - 1 = -m. What is the greatest common divisor of w and m?
2
Let b(v) = -13*v + 4. Let c be b(-8). Suppose -c = -7*a + 5*a. Calculate the greatest common factor of a and 27.
27
Let v be -3 + 5 + 0 - -14. Suppose -2*b + 12 + v = 0. Calculate the highest common factor of b and 35.
7
Let a be ((-6)/(-2))/((-3)/(-3)). Suppose -a*z + i + 32 = 0, i - 45 = -5*z + 3. What is the highest common factor of z and 5?
5
Suppose -u - 2*u = -150. What is the highest common factor of u and 10?
10
Suppose -2*i + 35 = -181. Suppose 2*b - 2*x = 18, -6*b + 2*b + 63 = 5*x. Calculate the greatest common factor of b and i.
12
Let k = 0 - -2. Let o = 6 + k. Suppose -2*p = -5*p + 12. Calculate the greatest common divisor of p and o.
4
Suppose 0*m + 3*m = -15, -3*u - 215 = m. Let a = -42 - u. What is the greatest common factor of a and 14?
14
Let p = -3 - -9. Let u = -35 - -59. Calculate the highest common factor of p and u.
6
Suppose 24 = -8*u + 472. Calculate the greatest common divisor of 14 and u.
14
Let k be ((-1)/(3/(-2)))/(2/6). Calculate the highest common factor of k and 2.
2
Let i = 5 + 6. Let h be (5/(10/484))/2. Calculate the highest common divisor of h and i.
11
Let p(d) = -253*d. Let a(c) = c**3 - c**2 - 2*c - 1. Let m be a(2). Let q be p(m). Calculate the highest common factor of q and 23.
23
Suppose -3*a = -109 + 13. Calculate the greatest common factor of a and 48.
16
Let q = -13 - -24. Calculate the highest common divisor of 99 and q.
11
Suppose 0 = -5*y + 20, 0 = -0*q - q - 5*y + 32. Let c(x) = x**3 - 11*x**2 - 15*x - 11. Let i be c(13). Calculate the highest common divisor of q and i.
12
Suppose -7*x = -13*x + 144. Suppose i - 5*h = -6 - 6, -28 = -i - 5*h. Calculate the greatest common factor of x and i.
8
Let a be 33/12*-1*-8. Let g = 10 + a. Suppose 3*x = -9*t + 4*t + 230, -4*t = 8. Calculate the highest common factor of g and x.
16
Suppose 0 = -0*l - 2*l. Suppose d + 5*u - 20 = l, -3*u + 73 = 3*d - 11. Suppose -j = -2 - 18. Calculate the highest common divisor of j and d.
10
Suppose -4*b + 6*b = 400. Suppose -2*j - i + b = 0, 0 = -6*j + 2*j - 3*i + 400. Calculate the highest common factor of 20 and j.
20
Let s(h) = -h**3 - h**2 + 18. Let w be s(0). Calculate the greatest common factor of w and 6.
6
Suppose -2*c + 3 = r, -5*r = -3*c - 15 - 0. Suppose c*g = -g + 65. Suppose 2*b - 10 = 16. What is the highest common divisor of g and b?
13
Let y(z) = -z**2 + 3*z + 66. Let n be y(9). Suppose w - 116 = -5*f, 4*w = -17 + 1. Calculate the highest common divisor of n and f.
12
Let c be (-2)/(-4)*16/1. Let g be 1*(-1 + c)*-4. Let d = g - -43. Calculate the highest common factor of d and 135.
15
Suppose 0 = -i + 3 - 25. Let n be (15/5)/((-3)/i). What is the highest common divisor of n and 88?
22
Let d = 21 - 11. Let g = 14 - d. Suppose -2*q + g*x + 36 = 0, 5*q - 2*x + x = 63. Calculate the highest common factor of q and 120.
12
Let r = -70 + 82. Suppose -3*p = -427 + 103. Calculate the highest common divisor of p and r.
12
Let d be (-4)/(3 - 11)*2. Suppose 0 = -z - z + 2*m + 2, -4*z + 13 = -m. What is the greatest common divisor of d and z?
1
Suppose -2*q + 74 = -86. What is the highest common factor of 8 and q?
8
Let d(c) = -5*c**2 + 7*c + 8. Let p(v) = -14*v**2 + 21*v + 23. Let w(u) = 17*d(u) - 6*p(u). Let r be w(-6). Calculate the greatest common divisor of r and 10.
2
Let q = -11 + 16. Let b = 0 + q. Suppose -b*y + 112 = -3*y. Calculate the greatest common divisor of 7 and y.
7
Let x = 7 - 3. Suppose -10 = -3*o + x*w + 38, -4*o + 64 = 5*w. Suppose 4*s + o = 0, -v + 4*s = -6*v + 159. Calculate the greatest common divisor of 5 and v.
5
Let y(a) = a**2 - 8*a + 7. Let g be y(6). Let l(i) = -4*i. Let h be l(g). Let p be (3 - (-10)/(-3))*-24. Calculate the highest common divisor of h and p.
4
Let u(h) = -h**3 + 6*h**2 + 7*h + 6. Let x be u(6). Let q be (-15)/(-4)*-4*1. Let r be -3 - q/((-2)/(-2)). Calculate the greatest common divisor of x and r.
12
Suppose -5*x = -4*f - 4 - 13, -5*f - 20 = -5*x. Calculate the greatest common divisor of 21 and x.
1
Let j = 459 - 269. What is the highest common factor of 19 and j?
19
Let d(p) = p - 4. Let m be d(5). Let b be 1 - 0 - m - -3. Suppose -7*s + 10 = -11. What is the greatest common factor of b and s?
3
Suppose 2*a = 10, g - 6*g = 4*a - 95. Calculate the greatest common divisor of 5 and g.
5
Let l be (-1 - -9)/(1/9). Calculate the highest common factor of 48 and l.
24
Let u(j) = j**2 + 11*j - 5. Let f be u(-12). Calculate the highest common divisor of 35 and f.
7
Suppose -14 = -3*u + 7. Let w(x) = -x**3 + 8*